Let y = -65 - m. What are the prime factors of y?
167
Suppose h - 16 = -5*f, f = 2*h - 4*f - 2. Suppose -h*y = -9*y - 810. Let c = 396 + y. List the prime factors of c.
2, 3, 7
Let u(o) = 3*o + 61. Let g be u(-46). Let q = g + 464. What are the prime factors of q?
3, 43
Let a(h) = 14 + 93*h + 104*h - 201*h. Let s(u) = 7*u. Let m be s(-1). List the prime factors of a(m).
2, 3, 7
Let h(t) = 457*t**3 - 5*t**2 - 9*t + 20. Let y be h(5). Suppose -6*j = 37*j - y. What are the prime factors of j?
5, 53
Let b(r) = -42*r**3 + 6*r**2 + 8*r + 2. Let f(s) = 128*s**3 - 17*s**2 - 23*s - 5. Let y(w) = -17*b(w) - 6*f(w). List the prime factors of y(-2).
2, 53
Let p(f) = 32*f**2 - 9*f + 9. Suppose w - 4*x = 16, -11 = 22*w - 27*w - 3*x. List the prime factors of p(w).
5, 97
Suppose 6776 = 15*v - 7744. Let k = v + -468. What are the prime factors of k?
2, 5
What are the prime factors of (-4*(11109 - 1))/(-32 + 30) - -6?
2, 41, 271
Let o be (0 - (-2148)/9)*147/14. Suppose 0 = -4*i + 18*i - o. List the prime factors of i.
179
Let w(m) = -15*m - 175. Suppose -4*f + f + 3*r = 102, 2*r + 52 = -2*f. What are the prime factors of w(f)?
5, 11
Let g = -66 - -179. Let w = g - 69. List the prime factors of w + 6 + (-5 - -2).
47
Let b = -15945 - -29774. What are the prime factors of b?
13829
Let x = -43 + 54. Suppose -3*d = -5*a + 625, 0 = 2*a + d - x - 228. Suppose 3*r + 11 - a = 0. What are the prime factors of r?
37
Suppose 0 = -4*m + 4*i + 8976, -91*m + 95*m - 8991 = i. List the prime factors of m.
13, 173
Let a(i) = 33*i**2 - i. Let j(k) = 6*k + 14. Let q be j(-7). Let v be (-48)/q + -2 + 9/7. List the prime factors of a(v).
2
What are the prime factors of ((-1230)/(-287))/(15/62510)?
2, 5, 19, 47
Suppose -5*l + 264434 = 16*l + 65774. What are the prime factors of l?
2, 5, 11, 43
Suppose 200*y - 210*y = 0. Suppose 16*k + 5*j = 19*k - 366, -2*k + j + 251 = y. List the prime factors of k.
127
Suppose 4932*n - 120601 = 4919*n. What are the prime factors of n?
9277
Let g = -1116 + 1682. Let v = g - -735. What are the prime factors of v?
1301
Let q(f) = -f**2 + 3*f + 47. Let r be q(9). Let x be 403/r + 5*(-18)/210. Let v = 310 + x. What are the prime factors of v?
2, 3, 7
Suppose -350137 = -29*p - 53766 + 76424. What are the prime factors of p?
3, 5, 857
Let t = -2045 - -5165. List the prime factors of t.
2, 3, 5, 13
Suppose -s + 18*f - 6 = 15*f, -4*s - 4*f + 24 = 0. Let z(g) = 19*g**3 + g**2 - g + 1. What are the prime factors of z(s)?
2, 5, 13
Let d(i) be the first derivative of 159/2*i**2 - i - 31. List the prime factors of d(1).
2, 79
Let q = -356 + 351. List the prime factors of 4 + (-2716)/q + 2/(-10).
547
Suppose 4*h - u - 30230 = 21389, -5*u - 12881 = -h. Suppose 18*p - h = 13428. List the prime factors of p.
7, 11, 19
Let d(v) = -55*v**2 + 6*v + 4. Let r be d(-1). What are the prime factors of (r/6)/(4/(-232))?
19, 29
Let y(j) = -j**3 + 4*j**2 - 5*j + 6. Let x be y(3). Suppose x = 22*o - 6*o - 9472. What are the prime factors of o?
2, 37
Let f(k) = 2*k**2 + 47*k + 29. Let z be f(-23). Let d(r) = z*r - 33 + 23*r - 6*r**2 + 5*r**2 + 2. List the prime factors of d(19).
3, 53
Let g be 5/(-30) - (1 + (-52350)/36). Let h = g + -835. List the prime factors of h.
2, 3, 103
Suppose -86*k + 282898 = -733364. List the prime factors of k.
3, 13, 101
Suppose -3*w = 2*z - 199774, -399604 = -40*w + 34*w + 4*z. What are the prime factors of w?
2, 16649
Let j(m) = 240*m - 4422. List the prime factors of j(28).
2, 3, 383
Suppose 74 = 5*u - 56. Let w(h) = -20 + u*h - h**2 + 1 - 44. What are the prime factors of w(20)?
3, 19
Let o be (74/4)/(2/16). Let r(q) = q**3 - 2*q**2 + 3*q + 1. Let a be r(5). Let t = o - a. List the prime factors of t.
3, 19
Let q = 826 + -826. Let v be 2 - (0 - 2)*131. Suppose -i + 5*r + 53 = q, -3*r = 4*i - v + 6. List the prime factors of i.
3, 7
Suppose 0 = 5*t + 3*x - 97, 21 = t - 0*t + x. Let a(f) = -f**2 + 15*f + 38. Let i be a(t). Suppose -i*s = -288 - 332. What are the prime factors of s?
5, 31
Suppose -35611 - 4205 = -18*n. Suppose -10*r + n = -3*r. What are the prime factors of r?
2, 79
Let q = -38199 - -64161. Suppose 0 = 37*b - q + 6315. What are the prime factors of b?
3, 59
List the prime factors of (-10026240)/(-1232) + 2*3/(-33).
2, 13, 313
Suppose 2829 = 5*g - 166. Let a(z) = 2*z**3 - 4*z**2 + 2*z + 1. Let q be a(2). Suppose -q*f - 174 + g = 0. What are the prime factors of f?
5, 17
Let n be -12*(3/6 + -1). Let k(o) = 5*o - 10. Let j be k(n). Let x(q) = -q**2 + 22*q + 6. List the prime factors of x(j).
2, 23
Let w = -7301 + 9273. What are the prime factors of w?
2, 17, 29
Let c(m) = -11*m + 8. Let k be c(0). Suppose 0 = -k*x + 1163 + 189. What are the prime factors of x?
13
Suppose -t + 2 = -2*r + 6, 25 = 5*t + 5*r. Let l = t - -13. Let z = l - -13. List the prime factors of z.
2, 7
List the prime factors of 2/14 + (-693)/1764 - 28425/(-4).
2, 11, 17, 19
Let g(r) = -r**3 + 60*r**2 + 66*r - 200. Let f be g(61). Suppose 3*a + 44 = a. Let q = f + a. List the prime factors of q.
83
Let p(c) = -114*c + 2706. List the prime factors of p(0).
2, 3, 11, 41
Let t(l) = l**3 - 5*l**2 - 5*l + 4. Let n be t(9). Let x = 161 - 318. Let m = x + n. What are the prime factors of m?
2, 3, 7
Let j be (6/(-12))/(1/(-10)). Suppose -d + 0*k = 3*k - 652, -668 = -d + j*k. What are the prime factors of d?
2, 7, 47
Suppose -3021*f = -2998*f - 395324. List the prime factors of f.
2, 4297
Let b be 16/40 - 1740/(-25). What are the prime factors of (19407/(-15) - (-56)/b)/(-1)?
3, 431
Let t(i) = 846*i + 150. List the prime factors of t(6).
2, 3, 13, 67
Let p = -423 - -9749. What are the prime factors of p?
2, 4663
Suppose p + 2 = -19. Let d(j) = 22*j**2 + 0*j + 4 + 436*j**3 + j - 220*j**3 - 215*j**3 + 20*j. What are the prime factors of d(p)?
2
Let k(f) be the first derivative of f**2 + 11*f + 2. Let h be k(7). Let y = h - -41. List the prime factors of y.
2, 3, 11
Suppose 519 = 12*i - 9*i. Suppose -167*h = -i*h + 1788. What are the prime factors of h?
2, 149
Let q(y) = -y**3 + 9*y**2 - 15*y + 7. Let l be q(6). Let n(u) = -50*u - 10*u + l*u - 33*u + 9. What are the prime factors of n(-3)?
3, 71
Let s(w) = 1649*w - 2567. What are the prime factors of s(6)?
17, 431
Let f(n) be the first derivative of 19*n - 17*n + 17 - 10*n + 2*n**2. What are the prime factors of f(3)?
2
Let l(q) = 2472*q - 10232. List the prime factors of l(12).
2, 7, 347
Let s = 39584 + -14786. List the prime factors of s.
2, 3, 4133
Suppose -4*v + 1603 = -2429. Suppose 0 = -6*s - s + v. Let f = -74 + s. What are the prime factors of f?
2, 5, 7
Let u be 32 + -244 + (-6)/(-3). Let g = -231 + 89. Let t = g - u. List the prime factors of t.
2, 17
Let y(z) = 8 - 5*z**2 + 11 + 0 + z - z**3 - 2*z**2. Suppose -28 = 8*t + 36. What are the prime factors of y(t)?
3, 5
Let o(m) = -m**2 - 6*m - 1. Let j be o(-5). Let c = 1613 + -857. Suppose c = j*v + 4*s, -v + 3*s = -6 - 203. List the prime factors of v.
2, 97
Suppose 5*a + 3*v = -85, a - 85 = 5*a - v. Let x be 24 + a/(-5)*1. List the prime factors of (-42)/(-3 + x/12).
3, 7
Let c(z) = -648*z**3 + z**2 - 74*z - 262. List the prime factors of c(-4).
2, 13, 1597
Let l = 20720 - 7099. What are the prime factors of l?
53, 257
Let r(h) = -3*h**2 + 4*h + 2. Let x(y) = -7*y**2 + 7*y + 5. Let q(i) = -9*r(i) + 4*x(i). Let u be q(-7). Suppose 2*s + u = 235. What are the prime factors of s?
113
Suppose 4*q = -q - 25, 0 = 2*v + 2*q + 22. Let o(h) = -h**3 + 3*h**2 + 5*h + 14. List the prime factors of o(v).
2, 7, 11
Let t(o) = 5*o**2 + 10*o - 1. Let z be t(15). Suppose 4*m - 4*d - 1024 = -2*d, z = 5*m - 4*d. Let a = m + -169. List the prime factors of a.
89
What are the prime factors of ((-176)/40)/(19/(-84835))?
2, 11, 19, 47
Let r = -2400 - -4938. Suppose -r = -0*q - 3*q. List the prime factors of q.
2, 3, 47
Suppose -3*h + 26*g - 23*g + 9288 = 0, -2 = -2*g. List the prime factors of h.
19, 163
Suppose -4*d = 5*d - 5*d. Suppose d = -5*y + 4*r + 1059, y = -3*r + 28 + 180. List the prime factors of 3 + 0 + y + 1 + 1.
2, 3
Let x be (-1 + (-1328)/(-2)*-3)*1. Let i = x - -3500. List the prime factors of i.
11, 137
Let g = -5665 - -12811. What are the prime factors of g?
2, 3, 397
Let d(l) = 308*l**2 + l. Let i be d(-1). What are the prime factors of 1/(7/14) + i?
3, 103
Let z(a) =